ate (1 - -9) + (1 - 2 - (8 + 5)).
-4
Evaluate 34 - 10 - 18 - ((3 - -2) + 1).
0
Evaluate -2 - ((-3 - -10) + -14 + 6 + -5).
4
What is the value of 40 - 70 - (-7 - (-18 + 8))?
-33
Calculate 0 + (5 - 4) + 9 - 4 - -2.
8
What is (-32 - (17 - 33)) + 33?
17
Evaluate (-6 - -14) + 5 - 6.
7
-10 - (-10 + 5 + 5 + -16 + -26)
32
20 + -2 - ((2 - -1) + (3 - 1))
13
Evaluate -10 - (0 - -6 - (6 + (-2 - 8))).
-20
Evaluate (-4 - -11) + (-12 - -16).
11
What is (5 - -12 - (3 - -10)) + -3?
1
Evaluate 6 - -12 - 17 - 14.
-13
What is the value of -6 + 9 + (8 - (13 + 5))?
-7
What is (0 - (1 - 10)) + (118 - 120) - -2?
9
9 + 4 + -1 + (-73 - -61)
0
Calculate -2 + -6 - ((-15 - 4) + 18).
-7
What is the value of (15 - (17 - 7)) + -7 + 7?
5
Calculate 0 + (17 - -5) - 11.
11
Evaluate 5 + 11 + -13 - -3 - 14.
-8
What is the value of 4 + -2 + (-10 - -1 - (-26 - -30))?
-11
Calculate -6 + 16 + -10 + 13.
13
Calculate 10 - 7 - 5 - (8 + -5).
-5
Evaluate (-1 - -6 - (-5 - (-9 + 14))) + 0.
15
Calculate -13 + (0 - 4 - -9 - 13).
-21
(49 - 41) + (-12 + 2 - 1)
-3
1404 + -1404 - (15 - -1)
-16
Calculate -33 + (-27 - -48) + 39.
27
Evaluate 1 + (-22 - -7) + 1 + 7 + 21.
15
What is -20 + -20 + (-19 - -40)?
-19
What is -26 - (2 + (-32 - 10))?
14
-5 + 1 + -129 + 149
16
14 - (32 - (-13 + 56))
25
What is the value of (0 - -14) + (82 - 85)?
11
What is the value of -2 - 15 - (-4 + (10 - 4)) - -6?
-13
What is the value of -2 - -1 - (259 + -265)?
5
What is -949 + 933 + (-13 - -3 - -2)?
-24
What is (21 - 10) + (-1 - (2 - (-5 - -2)))?
5
Evaluate -10 + (37 - 24 - -16).
19
Evaluate -4 - ((440 - 445) + -2 + (2 - -36)).
-35
What is the value of (0 - -6) + 7 + -11 + 13 + -7?
8
Calculate (-3 - (-4 + -7 + 4 - 4)) + 3.
11
What is the value of (307 - 278) + -7 + 3?
25
Evaluate -37 + -1 - (500 + -517).
-21
What is the value of -11 + -2 + -11 + (49 - 41)?
-16
Evaluate (2 - 11) + 12 + -9 + -22 + 24.
-4
Evaluate (30 - (5 + -2 + 0)) + (5 - 12).
20
What is -2 + (3 - (4 - (7 + 6))) - -8?
18
What is 1 + 3 - (-6 + 2 + (0 - -18))?
-10
-3 - ((-1 - -13) + -19 - (-3 - 0))
1
What is (7 - -3) + (17 - 8) + -1 + -10?
8
Calculate 13 + 2 + (-21 + 8 - -3).
5
Calculate 20 + (10 - 16) + -1.
13
What is the value of -1 - -30 - (-1333 + 1330)?
32
(-133 - -124) + -4 + 2
-11
What is the value of -426 - -433 - (-2 - -30)?
-21
What is the value of (2 - (-2 - 31)) + (-14 - (-2 - 2))?
25
What is the value of 26 + -29 + 2 + -7 + 12?
4
Calculate -30 + 19 + -6 - -28.
11
What is the value of 8 - (-3 - 0) - (160 + -166)?
17
(14 - (-12 - -31) - 6) + 17
6
Calculate -3 + 16 + -10 + -14 - 13.
-24
What is the value of 1 - (-3 - -8) - (-52 + 32)?
16
What is the value of 9 + (-7 + -7 + 2 - -20)?
17
Evaluate -2 + (69 - 39) - 59.
-31
1 - ((2 - -7) + -1 - 5)
-2
Calculate 11 + -13 + 26 + -12.
12
Calculate 0 - (3 + (-8 + 5 + -11 - -3)).
8
What is the value of 19 - 10 - (-2 + 21)?
-10
Evaluate (-6 - -5) + -9 + -8 - (-1 - -5).
-22
What is the value of (12 + -12 - -7) + (-5 - 20)?
-18
What is 0 + (-3 - 3) + 7 + -2 + 9?
8
Calculate -32 + 17 + 0 - (-2 + 8 - 1).
-20
What is the value of -11 + -15 + -25 + 21?
-30
What is 2 + (-2 - -6) + (-13 - (-22 - -7))?
8
Calculate 8 + (4 + -11 - -16) - 9.
8
(15 - 0) + (238 - 253) - 24
-24
What is the value of 12 + 1 + 45 + -60?
-2
Calculate -18 + -21 + 29 + 2.
-8
Calculate 9 + 0 - ((-15 - 18) + 30).
12
What is the value of 2 - (2 + -2 + -9 - -1)?
10
What is the value of 16 + -25 - 2 - -23?
12
Evaluate -6 - (-34 - (-8 + 16) - -10).
26
(-3 - -6) + (-36 - (-16 + -2))
-15
What is 2 + (-24 - -12) + 6?
-4
Calculate 7 + -3 + 0 - (-342 + 330).
16
Evaluate 3 - 5 - -14 - 24.
-12
What is the value of (-1 - 1) + 1 - (-13 + -36 - -49)?
-1
What is -9 - (17 + -23 + -7 - 10)?
14
Calculate 1 - -5 - 4 - (13 + (-2 - 6)).
-3
What is the value of 15 + (10 + -5 - 13)?
7
Calculate 0 + 4 + -3 - 10 - -27.
18
Evaluate (4 + -16 - 9) + -16 + 12.
-25
Calculate -15 - (8 - (0 - -9)) - (-3 - 0).
-11
Calculate 4 + -35 + 16 - -6 - 8.
-17
What is (-1 - 47) + 35 - (-1 - (0 - -1))?
-11
What is 5 - 2 - (-7 - (-21 - (-5 + 3)))?
-9
(2 - 10) + (5 - (-23 - -10))
10
What is 0 + 2 + (-4 - -1) + -2 - 9?
-12
What is the value of 0 + 9 + -18 + -1 + -4 + -2?
-16
What is 15 + (-6 - 18) + 6?
-3
Calculate 1 + 7 + (320 - 321).
7
-11 + 21 + 2 + -12 + 9 + 0
9
53 + -35 - (27 - 7)
-2
Evaluate -1 - (-8 + 6 - 0 - -7).
-6
-15 + 0 - (23 + 5 - 17)
-26
What is the value of -11 + (-9 - -13 - 3)?
-10
Evaluate 2 + (-34 + -8 + -2 + 10 - -9).
-23
Evaluate 31 - (5 + 17) - -16.
25
Evaluate 0 - (4 - 10 - 9 - (2 + -6)).
11
(7 - 0) + (29 - (0 - -15)) + -10
11
Evaluate (348 - 315) + (-9 - -1).
25
Calculate 7 - (-16 + 34) - 0.
-11
Calculate 8 + 2 + (-2 - -1) + -2.
7
What is 0 - 0 - (-70 + 94 + -9)?
-15
4 + 11 + -11 + 6 - 11
-1
Calculate (2 - -3) + -25 + 9 - -2.
-9
Evaluate 10 - (-3 + (1 - 5)) - 8.
9
Calculate -17 - ((1 - -1) + (21 - 29)).
-11
Evaluate 2 + (21 - 0 - 35).
-12
What is 2 - (-6 - -4 - 1) - (-1 + 6)?
0
What is 1 + 0 - -7 - ((8 - -3) + -4)?
1
Calculate (2 - (-9 - -4)) + 7.
14
What is 18 - (-13 + 11 + -1 - (0 - 8))?
13
-5 + -21 + 67 + -64
-23
What is 1 + -5 - (-7 + 0 - (-208 - -205))?
0
Evaluate -1 + (-5 + 19 - 6).
7
What is the value of -5 + 5 + -5 - -5 - 0 - -4?
4
-6 + 4 + 8 + (-9 - -3) + 4
4
What is -12 + 9 + -4 - 4?
-11
What is the value of (10 - 14) + 23 + 1 - (4 - 2)?
18
Evaluate 10 - (1 + -17 - -14).
12
Evaluate 3 + (16 + (-16 - 0) - -8).
11
What is the value of (10 - -1 - -9) + 2 + -4?
18
What is the value of -8 + (8 - (2 + -4)) - 19?
-17
Evaluate -38 + 34 + -1 + 1 - 5 - -9.
0
Calculate (-9 - -4) + (-6 - (-2 + -9)) + -3.
-3
What is -14 + 46 + (-31 - -3)?
4
Evaluate 2 + 4 - (7 - (10 - 20 - -11)).
0
1 - (0 - 1) - (-16 - (-1 + -21))
-4
What is -15 + (0 - 4 - (-1 - 2))?
-16
Calculate -29 + 49 + 17 - 15.
22
Evaluate (-6 - (-2 + -5 + 15)) + 1.
-13
Calculate 31 + -43 - (4 - (-2 - (7 - 4))).
-21
What is 3 + -9 + (13 - (4 - -3)) - -11?
11
0 - (1 - (12 + 3) - -5)
9
What is the value of (-8 - (-1 + -2 + 4)) + 196 + -199?
-12
-1 + (1 - 3) - (-35 - -31 - 25)
26
Calculate -20 - (-26 + -2) - 7.
1
What is the value of -15 + -9 - (-30 - -23)?
-17
Evaluate -10 + 12 + (42 - 20).
24
What is -7 + 21 + -6 - 4 - -8?
12
Evaluate 7 + 4 + 9 - 45.
-25
What is the value of (-13 - 9) + -11 + 19?
-14
Calculate 4 - 4 - (42 - 35) - -9.
2
-10 + (-6 + 1 - (56 - 60))
-11
What is the value of -8 - (9 + (-10 - 10))?
3
What is -6 + 8 + (4 - (0 + -19))?
25
Calculate (0 - -7) + -559 + 552.
0
What is the value of 1 - -2 - (-36 - -37) - -25?
27
What is -29 + (3 - -23 - -11)?
8
Calculate 11 + (35 - 22) - 51.
-27
Evaluate (-5 - -7) + -1 + 23 - -2.
26
1 + 6 + 7 + (-14 - 4)
-4
What is the value of 53 - (10 + 65 + -30)?
8
What is the value of (5 - -3) + (-35 + -5 - 1) + 16?
-17
Calculate -14 + (-11 - 14 - -7 - -13).
-19
-1 + ((-9 - -20) + -6 - 16)
-12
Evaluate -1 + (-1 - -9) + (1 - 4).
4
Calculate 16 - 7 - (-11 + 7 + -1).
14
Calculate 14 - (-6 - -4 - -14).
2
32 - (-7 - -19 - -3)
17
What is the value of -11 + 11 + -6 + 1 + (-6 - 1)?
-12
Calculate (-2 - (13 - 7)) + 1 + (-1 - -2).
-6
Evaluate -14 + (-2 + 4 - (-149 - -133)).
4
Evaluate 4 - 3 - (-3 + 0) - (490 + -522).
36
Calculate -33 - (-21 + -2) - -38.
28
Evaluate -8 + -2 - -4 - (325 - 338).
7
What is 13 - ((3 - 18) + 6) - 1 - -3?
24
Evaluate (2 - 3) + 12 - -6 - (-4 - -8).
13
What is (5 - 1) + (29 - 8 - 43)?
-18
What is the value of -10 + 0 + 0 + 0 + -7 + -1?
-18
11 - (-7 + (7 - (11 - 1) - -8))
13
What is the value of -1 + (-8 - -7) + -4 - (-2 + -6)?
2
What is -43 - (-16 + 9 - 9 - 0)?
-27
-16 + (26 - 4) + 4 + -5
5
What is the value of (-2 - 0) + (-35 - -4)?
-33
(-1 + -1 - (0 - -13)) + (128 - 125)
-12
Calculate (-22 - (6 + -53)) + -23.
2
Evaluate ((-2 - -1) + -8 + 12 - 2) + -3.
-2
Evaluate -7 + (1 - (3 - 0)) - -5 - 3.
-7
What is -11 - (0 + -14 + 6)?
-3
-9 + 7 - (8 - 16) - -4
10
What is -8 + (9 + -20 - -8) + 9?
-2
What is 4 + (0 - 20 - -4)?
-12
What is 0 + (-1 - 8) - -19 - 0?
10
Evaluate -201 - -185 - (-27 + 0).
11
Calculate -16 + -10 + 10 + 1 + -10.
-25
What is 1 + (-13 - (-13 - -15))?
-14
Evaluate 22 + (-34 - (33 + -38)).
-7
Calculate -1 + (-5 - -2) + (180 - 185).
-9
Calculate (-6 - -1) + 5 - (-10 - (7 + -10)).
7
What is the value of -4 + 20 - (37 + -36) - -3?
18
-8 - (69 + -8 + -34)
-35
Evaluate -1 + -2 + -6 + 6 + (12 - 8).
1
Evaluate -2 - 7 - (-14 + (19 - -3)).
-17
Calculate -20 - (0